
False
Is 285734600 a multiple of 10?
True
Does 10 divide 38134380?
True
Does 1403 divide 163622983?
False
Is 101 a factor of 33685683?
False
Is 37 a factor of 36857513?
True
Is 19697067 a multiple of 9?
True
Is 267 a factor of 765397211?
False
Does 25 divide 95957725?
True
Does 146 divide 78959062?
False
Is 43 a factor of 4339588079?
True
Does 9671 divide 537922705?
False
Is 5 a factor of 263429599?
False
Is 145460229 a multiple of 13?
False
Is 202 a factor of 214764083?
False
Is 13 a factor of 4121524940?
True
Is 14464484 a multiple of 1177?
False
Is 163426299 a multiple of 1193?
False
Is 10 a factor of 3403355380?
True
Does 287 divide 6862063?
False
Is 3462515 a multiple of 295?
False
Does 66 divide 819453540?
False
Does 17 divide 594218901?
True
Is 2489 a factor of 24621188?
True
Does 29 divide 239121589?
False
Does 204 divide 20873892?
True
Does 86 divide 17035138?
True
Is 35 a factor of 44458890?
True
Does 23 divide 59554984?
False
Is 94160293 a multiple of 58?
False
Is 726365367 a multiple of 1323?
True
Is 53 a factor of 13388701?
True
Is 439 a factor of 4167427?
True
Is 6 a factor of 102307458?
True
Does 17 divide 6150371?
False
Is 59062038 a multiple of 29?
True
Is 3403042615 a multiple of 3152?
False
Is 12876745 a multiple of 879?
False
Is 173 a factor of 164509506?
True
Is 234252623 even?
False
Does 59 divide 22547640?
False
Is 8 a factor of 16787879?
False
Does 9 divide 29967356?
False
Does 307 divide 207995687?
False
Does 10 divide 315061784?
False
Is 6 a factor of 153308002?
False
Does 502 divide 39523464?
True
Is 37248652 a multiple of 28?
True
Is 12 a factor of 360456?
True
Is 1368924053 a multiple of 221?
False
Is 278697888 a multiple of 54?
True
Is 340595868 a multiple of 309?
True
Is 28 a factor of 1327798210?
False
Is 1089756089 a multiple of 1097?
False
Is 62 a factor of 79641143?
False
Does 528 divide 15014817?
False
Is 1697996 a multiple of 217?
False
Is 36 a factor of 4540222476?
True
Is 41590144 a multiple of 19?
False
Is 8 a factor of 2251205986?
False
Does 4225 divide 212979137?
False
Is 13579132 a multiple of 1162?
True
Does 4 divide 7637641?
False
Is 35 a factor of 1538405085?
True
Is 108429101 a multiple of 16?
False
Does 13 divide 102448085?
False
Does 267 divide 42765390?
True
Is 96902528 a multiple of 3968?
True
Is 191546650 a multiple of 1293?
False
Is 7185310 a multiple of 55?
True
Is 37563658 a multiple of 74?
True
Is 156491661 a multiple of 5853?
True
Is 14 a factor of 74466918?
False
Is 15 a factor of 140824245?
True
Is 1794324 a multiple of 1722?
True
Is 530803254 a multiple of 11035?
False
Is 2579 a factor of 1135456951?
False
Does 95 divide 2232122322?
False
Does 1559 divide 2578566203?
False
Does 8 divide 7509207?
False
Is 3637 a factor of 2579345733?
False
Is 974627930 a multiple of 10?
True
Is 10485056 a multiple of 46?
True
Is 3511 a factor of 6179405643?
True
Is 80 a factor of 184562800?
True
Is 132215488 a multiple of 333?
False
Is 1990 a factor of 40844750?
True
Is 78 a factor of 2067685932?
True
Is 236147782 a multiple of 442?
True
Does 1178 divide 7415510?
True
Does 1433 divide 365449000?
False
Does 20 divide 27458260?
True
Is 14 a factor of 20681955?
False
Does 785 divide 36238740?
True
Is 10 a factor of 53638014?
False
Is 4 a factor of 63685080?
True
Is 44 a factor of 10491337?
False
Does 161 divide 122772314?
False
Is 20789251 a multiple of 1140?
False
Is 264 a factor of 113519352?
False
Does 1063 divide 546086486?
True
Does 49 divide 671225?
False
Does 486 divide 703990440?
True
Is 17966265 a multiple of 30?
False
Does 280 divide 79898560?
True
Does 6069 divide 2027543658?
True
Is 29028195 a multiple of 437?
False
Is 2082252484 a multiple of 13?
True
Is 16 a factor of 21743856?
True
Is 13113432 a multiple of 12?
True
Does 38 divide 216373976?
True
Is 1084605174 a multiple of 9?
True
Is 68 a factor of 46988748?
True
Is 503 a factor of 471715973?
False
Is 231 a factor of 2095094989?
False
Is 39073146 a multiple of 1491?
True
Does 251 divide 1464096805?
True
Is 131 a factor of 50247670?
True
Does 307 divide 87351324?
True
Is 688196080 a multiple of 559?
True
Is 1918 a factor of 1470783776?
True
Is 105 a factor of 398703244?
False
Is 903739524 a multiple of 6777?
False
Is 16943396 a multiple of 452?
False
Is 2378 a factor of 96048395?
False
Is 480400296 a multiple of 230?
False
Does 69 divide 79311929?
False
Does 4543 divide 454127366?
True
Is 16 a factor of 189201806?
False
Does 235 divide 11251513?
False
Is 11010834 a multiple of 1263?
True
Does 366 divide 34859485?
False
Is 844 a factor of 7287218?
False
Is 2313650234 a multiple of 14?
True
Is 34 a factor of 25042509?
False
Does 4 divide 8765717?
False
Does 3 divide 164634714?
True
Is 265 a factor of 588877872?
False
Is 42577276 a multiple of 82?
False
Does 66 divide 301654256?
False
Is 4789368 a multiple of 9?
True
Is 3071 a factor of 2748545?
True
Is 249308670 a multiple of 39?
True
Does 24 divide 190027603?
False
Does 14 divide 528655643?
False
Is 936579355 a multiple of 19?
False
Does 6 divide 33804447?
False
Is 1758 a factor of 1791817718?
False
Is 8768702 a multiple of 29?
False
Does 9399 divide 2369234127?
True
Does 18 divide 322653799?
False
Is 8083699 a multiple of 197?
False
Does 16 divide 1055177090?
False
Is 6743274 a multiple of 6?
True
Is 6076430 a multiple of 10?
True
Is 7101 a factor of 296622972?
True
Is 51719780 a multiple of 238?
True
Is 13 a factor of 296666656?
True
Does 14 divide 208269480?
False
Is 386066523 a multiple of 6833?
False
Does 1560 divide 162002880?
True
Is 795505968 a multiple of 23?
True
Is 1402 a factor of 56502636?
False
Does 103 divide 224609731?
True
Is 975739066 a multiple of 52?
False
Does 4140 divide 957375000?
True
Is 12888890 a multiple of 7?
True
Is 228223470 a multiple of 700?
False
Does 1201 divide 999104694?
True
Is 294319370 a multiple of 21?
False
Does 90 divide 124536564?
False
Does 5800 divide 777834403?
False
Does 907 divide 31692621?
False
Does 14 divide 6693554?
True
Is 1771 a factor of 20297605?
False
Is 8 a factor of 30007368?
True
Is 2872 a factor of 36727136?
True
Does 11 divide 44808148?
True
Is 40 a factor of 78085720?
True
Does 899 divide 11020471?
False
Is 19797534 a multiple of 54?
True
Does 17 divide 209441037?
True
Does 44 divide 7395124?
True
Does 13 divide 465061983?
False
Is 41054047 a multiple of 12?
False
Does 993 divide 489171660?
True
Is 4041464031 a multiple of 2927?
True
Is 48 a factor of 31269456?
True
Is 2386 a factor of 29648436?
True
Does 11 divide 67191718?
True
Is 2524 a factor of 180238220?
False
Does 3994 divide 2416501802?
True
Is 668 a factor of 90500650?
False
Is 67570181 a multiple of 959?
True
Is 1947 a factor of 36608695?
False
Does 36 divide 4161780?
True
Does 3 divide 8839828?
False
Does 7 divide 35131404?
True
Is 3365682554 a multiple of 1205?
False
Is 372 a factor of 75828108?
True
Is 51408300 a multiple of 87?
True
Is 68811905 a multiple of 773?
False
Is 27 a factor of 1168834?
False
Is 11 a factor of 5042529?
False
Is 26319471 a multiple of 1711?
False
Does 262 divide 31952637?
False
Does 496 divide 1013608023?
False
Is 150185616 a multiple of 643?
False
Is 53717196 a multiple of 12?
True
Is 1502172320 a multiple of 989?
True
Is 1275 a factor of 2939587148?
False
Is 164891852 a multiple of 194?
True
Is 335088717 a multiple of 699?
True
Does 8 divide 165018248?
True
Is 2449465248 a multiple of 618?
True
Is 161 a factor of 23590042?
True
Does 48 divide 57925872?
True
Is 678 a factor of 1362205056?
True
Is 479 a factor of 2390485425?
True
Is 472630391 a multiple of 10?
False
Does 45 divide 62154196?
False
Is 926252367 a multiple of 2483?
False
Is 4036071558 a multiple of 6834?
True
Does 419 divide 2127752?
False
Is 509 a factor of 8604136?
True
Does 1251 divide 24552751?
False
Is 20 a factor of 2310577840?
True
Is 77715339 a multiple of 13?
True
Does 829 divide 214920990?
False
Does 39 divide 35360364?
True
Is 4502680 a multiple of 20?
True
Does 486 divide 173894688?
True
Is 8393256 a multiple of 516?
True
Does 10 divide 213158191?
False
Is 570981810 a multiple of 22?
False
Is 361 a factor of 90416952?
False
Is 2032856565 a multiple of 214?
False
Does 16 divide 41691968?
True
Does 4017 divide 13823393?
False
Is 27 a factor of 53202177?
True
Is 